mber?
True
Suppose 3*p - 4*n = 45685, 3*p + 4*n + 728 = 46405. Is p a composite number?
False
Is (-1)/(-2)*13/((-52)/(-86024)) a prime number?
True
Suppose -2*g + 545 + 23955 = o, 5*o + 10 = 0. Is g a prime number?
True
Let c(m) = m**3 - 3*m - 6*m - 13 + 5*m + 2*m**2 + 7*m**2. Is c(-9) composite?
False
Let d(a) be the first derivative of -3*a**3/2 + 11*a**2/2 - 5*a - 5. Let l(v) be the first derivative of d(v). Is l(-8) composite?
False
Let o(n) be the third derivative of 203*n**5/30 - n**4/8 + n**3/2 - 5*n**2. Let f be o(1). Let h = f + -59. Is h a composite number?
False
Let c = 13681 + 6280. Is c a composite number?
False
Suppose -5*s = -14470 - 19375. Is s composite?
True
Suppose -156165 = -51*d + 187422. Is d prime?
True
Suppose 2*q + 5*w - 42 = 0, 0*w - w + 21 = q. Suppose 0 = -2*o - 0*o + 106. Suppose -q = -2*x + o. Is x composite?
False
Is (1*967)/(-11*10/(-330)) prime?
False
Let a = 182736 + -109241. Is a prime?
False
Suppose 0 = -f - 3, f + 12 = -x - 3*f. Suppose 5*v + l - 830 = x, -3*v + 6*l = 2*l - 498. Let g = v - 87. Is g a composite number?
False
Let x = 3 + -32. Let k = 34 + x. Suppose -78 = -s - k*w, -s + 58 = -2*w + 3*w. Is s a composite number?
False
Let o = -90 - -89. Is (-1 - -660)*-1*o a prime number?
True
Let h(m) = 45627*m + 20. Is h(1) composite?
True
Let r = -8066 + 13515. Is r a composite number?
False
Suppose -4*t + 9516 = -1444. Suppose 4*i - 992 = t. Is i prime?
False
Let f = 66 + 8. Is f prime?
False
Let f = -11 - -35. Is 20972/12 - (f/9 - 2) a prime number?
True
Let l(z) = -z - 3*z + 26 + 2*z + 3*z. Is l(12) a prime number?
False
Let g = -3349 - -2192. Let v = 1723 + g. Is v a prime number?
False
Let m(c) = 187*c - 13. Let i be (-50)/(-8) - 1*(-9)/(-36). Is m(i) a prime number?
True
Let t be 275/(-10)*(-26)/65. Let n(v) be the second derivative of v**5/20 - v**4 + 7*v**3/3 + v**2/2 - v. Is n(t) composite?
True
Let g = -43 + 62. Suppose 0 = -23*l + g*l + 3652. Is l a prime number?
False
Let s(h) = 185*h**2 - h. Let z be s(-2). Let b = z - -217. Is b a composite number?
True
Let u(f) = 71*f**3 - 18*f**2 + 25*f - 1. Is u(5) prime?
False
Suppose 1000 - 2970 = -2*o. Is o a prime number?
False
Suppose 34 = 9*y - 2. Suppose -4579 = -y*g - 1307. Is g a prime number?
False
Suppose -606 = 5*v - 2501. Is v composite?
False
Let g be ((-6)/(-7))/(3/(-21)). Let x be 15/g*-2 + 0. Let r(o) = 3*o**3 - 3*o**2 + 7. Is r(x) a composite number?
False
Let g = -17542 - -27193. Is g a prime number?
False
Let d = 8263 + -3516. Is d prime?
False
Let r(j) = 187*j**2 + 1. Let b be r(-3). Suppose -b + 4529 = 5*y. Suppose -4*x = -y + 81. Is x prime?
False
Let d(x) = -x**3 + 4*x**2 + 8*x + 8. Let g be d(5). Suppose -499 = 22*h - g*h. Is h a prime number?
True
Let w(v) = 26*v**2 - 5*v - 1. Let b be 40/100 - 13/(-5). Is w(b) a prime number?
False
Let h = -21 - -35. Let t(g) = 186*g - 25. Is t(h) a prime number?
True
Let p(l) = 2*l**2 - 30*l + 13. Let q be p(14). Let w(b) = 21*b + 11 - 31 + 0*b**2 + 2*b**2. Is w(q) a prime number?
False
Let s = 53 - 48. Let l(v) = 317*v. Is l(s) a prime number?
False
Suppose 0 = -23*f + 74470 + 372627. Is f a prime number?
False
Is (375/45 - 10)/(5/(-95154)) prime?
False
Let v = -76 - -237. Let l = v - -1593. Is l prime?
False
Let k = -38 - -34. Let p be -1*-3*k/(-3). Suppose -p*o + 5190 = 2*o. Is o composite?
True
Let r = 39 - 41. Is ((-20)/15 + 2)/(r/(-429)) prime?
False
Let h be 2772/30 + (-4)/10. Suppose -j = -h + 252. Is 0 - (j - 1/1) composite?
True
Let k(s) = s + 8. Let r be k(-8). Is (780 - -73)*(2 + (1 - r)) prime?
False
Suppose -18 = -11*j + 9*j. Is -2*9/12*(-48342)/j prime?
False
Let z be 2 - -2 - -1529 - -4. Suppose -z = -2*b - 273. Suppose 3*d - b = -l, -2*l + 414 = 4*d - 428. Is d prime?
True
Suppose 4*l - 5*v = -2*v + 85364, 64023 = 3*l + 3*v. Is l a composite number?
False
Suppose -94*b + 75*b = -138377. Is b composite?
False
Let c(q) = -q**2 - 16*q + 23. Let u be (-14)/7*(-5)/(-1). Is c(u) composite?
False
Let g = -30 + 32. Suppose g*l + l = 1455. Is l a prime number?
False
Let h(u) = u**3 - u - 250. Let d(p) = 2*p**3 - p**3 - 249 - 3*p + 2*p. Let b(q) = 3*d(q) - 4*h(q). Is b(0) a composite number?
True
Suppose -5*n - i = -12 - 28, 5*i = 3*n - 24. Suppose -s + 768 = n*o - 13*o, 723 = s + 4*o. Is s composite?
False
Let b = -12 - -18. Let l(z) = z**3 - 7*z**2 + 7*z - 3. Let s be l(b). Suppose -s*j = -2*j - 46. Is j a prime number?
False
Suppose -3*s + 873 = -465. Is s a composite number?
True
Let y(t) = -16 - 4 - 2 + 123*t. Is y(3) a composite number?
False
Let g be (-9)/(-6)*(-12)/9. Let r(a) = a**2 - 4*a + 12. Let s be r(4). Is (g - -3)*(1 + s) a prime number?
True
Let b be 1 + -1 - 1*-8. Let m(w) be the second derivative of 11*w**4/12 - w**3/2 - w**2/2 - 2*w - 10. Is m(b) a composite number?
True
Suppose 18 + 4 = -2*f. Let r = -7 - f. Suppose -n + 41 = r*o + 10, 0 = 2*n - 5*o - 23. Is n prime?
True
Suppose -4*p = 5*l - 31628, 0 = 3*p - 5*l + 8763 - 32484. Is p composite?
False
Let d(y) = -18*y + 16. Let t be d(7). Let g = t - -240. Is (g - (0 + -1))/1 a composite number?
False
Let n(v) = 41*v + 13. Let y be n(6). Suppose -4*b - 4*s = -1036, -5*b + 4*b + s = -y. Is b a composite number?
True
Let c = -101 - -106. Suppose -c*w + 1138 = -2617. Is w composite?
False
Let g(k) = -15*k. Let h be g(1). Let r = h - -151. Suppose r + 113 = 3*f. Is f prime?
True
Let g(m) = m - 12. Let u be g(14). Is u/(-3) + (-881)/(-3) a composite number?
False
Let i be 2/(((-4)/(-2) + -1)/1). Suppose t - 2*c - 2*c = 1213, i*c = 3*t - 3609. Is t composite?
False
Suppose 3*o + 199 = -3*f - 296, -4*f + 636 = -4*o. Let s = o + 293. Is s prime?
True
Let q(u) = -697*u - 24. Is q(-1) prime?
True
Let q(z) be the second derivative of 947*z**3/3 + 15*z**2/2 - 7*z. Is q(2) a composite number?
False
Let s be (-90)/(-18) - (-1 - -1). Suppose -2*d + s*d - 16 = z, -5*d = -z - 26. Suppose u = d*t + 18, -2*u - 3*t = -12 - 11. Is u a prime number?
True
Let q(i) = i**2 - 8*i - 46. Let l = -93 + 71. Is q(l) composite?
True
Suppose -1719 = -5*m + 701. Suppose -6*n + m = -1274. Is n a composite number?
False
Suppose t - 606 = -2*t. Suppose t - 978 = -2*y. Let q = -257 + y. Is q a composite number?
False
Let p(h) be the first derivative of 9*h + 16/3*h**3 - 1 + h**2 + 1/4*h**4. Is p(-14) prime?
True
Is (8932/140)/(3/15) a prime number?
False
Is 677/1 + 4/(12 - 10) a composite number?
True
Let h(t) = -t - 2. Let i be h(-5). Let n = i + -1. Is 148/4 + n - 2 composite?
False
Let u = 29 - 69. Let r = u + 87. Is r a composite number?
False
Is (57264/32)/(3/10) a composite number?
True
Suppose 2*n - 3*d = d + 1654, -4*d = 5*n - 4065. Is 7/(42/(-12)) + n prime?
False
Let b = 16 + -14. Let x(d) = 6*d**2 - 6*d + 5*d + b + 0*d + 4*d. Is x(-4) a prime number?
False
Suppose -4*o + 5*d = 2*d - 5865, -3*o + 4398 = -3*d. Let g = -1048 + o. Is g a composite number?
False
Let w(x) = -1382*x - 39. Is w(-4) a composite number?
True
Let j(o) = o**2 - o + 21. Let t be j(0). Suppose 0 = -2*u - 3*g + 14, 3*u - t = -3*g. Is u prime?
True
Let i be (-14)/(-4)*(3 - 68/28). Suppose -i*s - 1095 = -5*l + 1756, l - 565 = 3*s. Is l a prime number?
True
Suppose -2*i = 2*i - 8. Suppose i*c - 63 = -5*w, -c + 4 + 21 = 2*w. Is w a composite number?
False
Suppose -2*f = -8, 15*b = 16*b + 2*f - 14479. Is b a prime number?
False
Suppose 5*z + 15 = 0, -5*i + 0*i + 22373 = -z. Is i prime?
False
Let f(w) = 208*w + 8. Let u(h) = -208*h - 9. Let o(i) = -7*f(i) - 6*u(i). Let k be o(2). Let t = k + 639. Is t a composite number?
True
Suppose 0 = 7*d - 5*d - 6, -5*w - 5363 = 4*d. Let b = 1708 + w. Is b composite?
True
Let h(a) = 5*a**3 + a**2 - 20*a - 11. Let g(d) = 14*d**3 + 2*d**2 - 59*d - 34. Let n(p) = 6*g(p) - 17*h(p). Is n(-7) a composite number?
False
Let v(y) = y**3 + 12*y**2 - 24*y + 12. Let o be v(-18). Let t = o - -2557. Is t a prime number?
False
Let m(c) = 3*c**3 - 8*c**2 - 17*c + 9. Let r be m(8). Suppose 0 = 5*d - 2*d - r. Is d composite?
True
Let l = 9514 + -3107. Is l a prime number?
False
Is 0 - (-4 + -6125) - 8 a composite number?
False
Let k(i) = i**2 - 4*i + 3. Let o be k(6). Suppose 0 = -0*m + 2*m + 4*v + 972, 0 = -3*v - o. Let w = 679 + m. Is w a prime number?
False
Let t = -115 + 118. Let z be (-3)/(-6) - 7/(-2). Suppose -t*k + 1876 = z*s - 948, 5*s - 4*k - 3561 